 + 7 = -3*f. Let y = -5 - f. Calculate the highest common divisor of 9 and y.
1
Let s = 270 + -108. What is the greatest common factor of s and 18?
18
Let k(y) = 2*y**2 - 2*y - 2. Let g be k(-2). Suppose -7*n = -8*n + g. Calculate the highest common divisor of 20 and n.
10
Let l(v) = v**2 + 2*v + 20. Let y be l(-5). What is the greatest common factor of 5 and y?
5
Let a(j) = j + 7. Let f be a(0). Suppose -324 = -f*n + 3*n. Calculate the greatest common factor of n and 9.
9
Suppose -4*j + 75 + 13 = 0. Let y = -37 - -169. Calculate the highest common factor of y and j.
22
Suppose 8 = f - 5*g, -3*f - 6 = 2*f - 2*g. Let x = 4 + f. Calculate the greatest common factor of x and 16.
2
Suppose 4*l = -4*b + 212, 3*l + 191 = -4*b + 8*b. Let w(x) = 7*x - 3. Let q be w(4). Calculate the highest common factor of q and b.
25
Let q = -27 + 57. What is the greatest common divisor of q and 12?
6
Let o(i) = i**2 + 3*i - 2. Let d be (-4)/(-3)*6/4. Let v be o(d). Suppose 64 = a + a. Calculate the greatest common factor of a and v.
8
Let u = 4 + -2. Let x = 13 - 13. Suppose u*v - 48 = -x*v. Calculate the highest common divisor of 36 and v.
12
Let b(c) = -233*c**3 + c**2 + 2*c + 1. Let z be b(-1). Let p = 12 + z. Let s = p - 157. What is the greatest common factor of 8 and s?
8
Let z = 30 + -22. Calculate the greatest common factor of 4 and z.
4
Let r be (-72)/(-40) + 1/5. What is the greatest common divisor of 16 and r?
2
Let f be 6*2*(-15)/18. Let m be (-19 + -1)*8/f. Calculate the greatest common divisor of 24 and m.
8
Let r = 88 + -29. Let w = 191 - r. Calculate the highest common divisor of w and 22.
22
Let m(b) = -b**3 - 6*b**2 + 6*b + 5. Let o be m(-5). Let l = o + 102. Suppose l = v + 5*f, -48 - 19 = -v - 2*f. Calculate the highest common divisor of v and 7.
7
Suppose 2*f + 2*f - 4 = 0. Let d be 5*(-1 + 3 - f). Suppose -1 = 2*s + 1, -5*s - 105 = -5*g. Calculate the greatest common divisor of d and g.
5
Let z = -167 - -311. Let s(o) = -o**3 + 4*o**2 + 5*o - 2. Let y be s(4). What is the highest common divisor of z and y?
18
Let g be 16/152 + 1533/57. What is the greatest common factor of 3 and g?
3
Suppose 19 = 4*z - 37. Suppose -2*x = -4*a - 4, a + 2*x = -2*x + 8. Suppose a = -4*d - z + 134. Calculate the greatest common divisor of 45 and d.
15
Suppose -152 = -6*o + 2*o. What is the highest common factor of 95 and o?
19
Let n(d) = -d**2 + 4*d - 3. Let r be n(2). Let h be 1/((-2)/(-12)) - 2. Let j = h + r. Calculate the greatest common factor of j and 1.
1
Suppose -3*k = -6*k + 6. Suppose 4*b = t - 6, b + 2*b - 23 = -k*t. Calculate the greatest common factor of t and 30.
10
Suppose -c = 4 - 49. Let k = -15 + c. Let m be 1252/28 + 4/14. Calculate the highest common factor of k and m.
15
Let w(d) = 1 + 2*d**3 - 4*d + 3 + 7*d**2 - 3*d**3. Let m be w(6). Calculate the greatest common divisor of 24 and m.
8
Let s = 88 - -17. Calculate the highest common factor of s and 15.
15
Suppose 4*g - 3*f - f = -12, 3*g + 19 = f. Let r be (-6)/g*(6 + -2). What is the greatest common divisor of r and 15?
3
Suppose -5*j + 2 = -13. Suppose -20 = -j*m - 5*f + f, 0 = m + f - 7. What is the greatest common factor of m and 1?
1
Let f be 927/6*(-6)/(-3). Suppose -111 = -5*v + f. What is the highest common factor of v and 12?
12
Let m = 0 + 28. Let d be (5/(-2))/(3/(-6)). Suppose -d*t - 3*k = 2*k - 50, k + 4 = 0. Calculate the greatest common factor of t and m.
14
Suppose 3*k + 160 = 7*k. Let y be (k/(-28))/((-1)/7). Calculate the greatest common factor of 30 and y.
10
Let j = -11 - -14. Suppose -j*q + m = -8*q + 25, -4*m + 20 = 0. What is the greatest common divisor of q and 20?
4
Let k = -160 - -197. What is the highest common factor of 148 and k?
37
Let n be 5 - (2 + -1)*1. Let k(x) = x**2 - 7*x - 26. Let d be k(10). What is the highest common factor of n and d?
4
Let p(y) = -2*y - 5. Let g be p(-7). Let r = 1 + g. Suppose 2*i + 5*i - 175 = 0. Calculate the highest common factor of i and r.
5
Let j = -199 - -287. What is the highest common factor of j and 44?
44
Let f(v) = 2*v + 8. Let g be f(0). What is the greatest common divisor of 8 and g?
8
Let u = -8 - -3. Let o be (-1)/u + 12/15. Calculate the highest common divisor of o and 1.
1
Let a = 72 + -51. Calculate the greatest common factor of 7 and a.
7
Suppose -26 = -l - 20. Let x(b) = b + 3. Let o be x(3). What is the highest common divisor of o and l?
6
Let a(t) = -3 + 3 - 8*t + t. Let s be a(-6). Calculate the greatest common divisor of 6 and s.
6
Let f(p) = p**3 + 14*p**2 + 7. Let k be f(-14). Calculate the highest common divisor of 1 and k.
1
Let y(v) = -v**2 - 14*v - 7. Let o be y(-13). Calculate the highest common factor of o and 21.
3
Suppose -k + 6*k - 2*i - 134 = 0, 0 = 2*k - 3*i - 58. Let m(f) = -5*f**2 + 2*f. Let v be m(2). Let o = k + v. Calculate the greatest common divisor of o and 30.
10
Let o(p) = -p**3 - 7*p**2 - 2*p - 10. Let h be o(-7). Let u be (-2)/8 + (-1150)/8. Let z be u/2*3/(-6). What is the greatest common factor of h and z?
4
Let b = 128 + -88. What is the highest common divisor of b and 5?
5
Let l(r) = 5*r**2 - 10*r + 12. Let y be l(8). Suppose -3*f = -3*o + 93, 2*o = o - f + 25. Calculate the highest common divisor of y and o.
28
Suppose -g = 4*g + 5*w - 145, 89 = 3*g + 5*w. Suppose -6*p = -4*p + 16. Let z(c) = -3*c - 10. Let r be z(p). What is the highest common factor of g and r?
14
Suppose 4*d - 8 = 2*d. Let v be 4/6 - d/(-3). Suppose -56 = -v*z - 2*z. Calculate the greatest common factor of 42 and z.
14
Let b(y) = y + 4. Suppose -3*i = -2*k - 27, 0 = -4*i + 4*k - k + 35. Let s be b(i). Let x be (45/6)/((-6)/(-8)). Calculate the highest common factor of x and s.
5
Let f = -198 - -297. Suppose c = 6 + 4. Suppose i = 1 + c. Calculate the greatest common factor of i and f.
11
Let a(m) = 11*m + 5. Let f be a(5). Calculate the greatest common divisor of 24 and f.
12
Let w(y) = y**3 + 5*y**2 - 2. Let z be w(-2). Suppose -2*h = -3*h. Suppose 20 = -m + 5*d, m + d - 5 - 5 = h. Calculate the highest common divisor of z and m.
5
Let x(h) = -h - 2. Let l be x(4). Let a(o) = -o**3 - o**2 + o - 3. Let r be a(l). Calculate the highest common factor of 19 and r.
19
Suppose -m = -11 - 5. What is the highest common divisor of 4 and m?
4
Let n = -1 + 5. Suppose 61 = 4*x - i, -x + n*i + 20 = -i. Calculate the highest common divisor of 45 and x.
15
Suppose 13*b - 33 - 682 = 0. Calculate the highest common divisor of b and 11.
11
Suppose -f + 49 = v, v - 1 = -0*v. Calculate the greatest common divisor of 6 and f.
6
Let o(q) = -4*q + 3. Let w be o(-1). Suppose 4*a = w*a - 108. What is the greatest common factor of a and 12?
12
Let d = -19 - 33. Let m be (24 - 1)/(-1) + 1. Let p = m - d. Calculate the highest common divisor of p and 20.
10
Suppose -6 = -4*f + 46. Let b(q) = -q**3 + 14*q**2 - 10*q + 17. Let n be b(f). What is the highest common divisor of n and 8?
8
Suppose -2*j + 4*n = -0*n - 28, -2*j - 5*n + 37 = 0. What is the highest common factor of j and 80?
16
Let o(f) = -3 - 2 + 11*f - 3 - f**2 + 0. Let z be o(8). Let w be 1 + 0 - 0 - -31. What is the greatest common factor of z and w?
16
Suppose -1 - 3 = -w. Calculate the highest common factor of 4 and w.
4
Let r be (-19)/2*(-27 + 25). What is the highest common divisor of r and 76?
19
Let g(w) = 3*w - 1. Let u be g(-6). Let h be (-3)/(12/(-44))*5. Let i = h + u. Calculate the greatest common divisor of i and 24.
12
Suppose -3*l + 6 = -c, -c + 5 + 5 = 5*l. Suppose 4*v = 5*i - 36, -2*v - 12 = -i - c. What is the greatest common divisor of 12 and i?
4
Suppose 0 = -4*d + 3*d - 47. Let k = 74 + d. What is the greatest common factor of 9 and k?
9
Let k be (-212)/(-18) - (-6)/27. Let v(w) = 4*w + 1. Let s be v(k). Calculate the greatest common factor of s and 7.
7
Let y be 9/(3 - 0 - 2). What is the greatest common divisor of 45 and y?
9
Let r = 40 + -22. Suppose -184 = -5*n + w, -151 - 21 = -5*n - 2*w. Calculate the highest common divisor of n and r.
18
Let o be ((-1)/(-2))/(1/10). Let n be (-36)/(-2 - -1) + 1. Suppose -4*a = b - n, 0*a - 5 = a + o*b. What is the greatest common factor of a and 10?
10
Suppose a + 2 = -6. Let g(h) = h**3 + 10*h**2 + 4*h - 5. Let r be g(a). What is the highest common factor of r and 13?
13
Let h = -55 + 108. Let a be 4/(-22) + 274